 h. What are the prime factors of u?
11
List the prime factors of ((-36)/(-84) - (-300)/35)*2841/1.
3, 947
Let j = -15699 + 37258. What are the prime factors of j?
21559
Let f = 87 + -85. Suppose -3*t - 42 = -f*i, -3*i = -5*t + 18 - 83. Let k = 45 - i. List the prime factors of k.
2, 3, 5
Let t(j) = 4*j + 43. List the prime factors of t(28).
5, 31
Let q(l) = 4*l**3 + 15*l**2 - 188*l - 8. Let b(k) = -k**2 + 32*k - 184. Let n be b(8). List the prime factors of q(n).
2, 11, 17
Let a(x) = -394*x - 1890. List the prime factors of a(-9).
2, 3, 23
Suppose 3*x - z = 861 + 1040, -655 = -x - 5*z. Suppose 0 = -3*d - x + 2012. What are the prime factors of d?
3, 17
Let v = 9265 + -3203. Suppose v = 5*p - 2*b, 2*p - 2*b = 3*b + 2408. What are the prime factors of p?
2, 607
Let u = 38 - -266. Suppose -21*c = -25*c + u. Suppose 6*l = 10*l - c. What are the prime factors of l?
19
Suppose -4*m + 253208 = 3*r, -23*m = -25*m - 4*r + 126604. List the prime factors of m.
2, 31, 1021
Suppose g - 10 - 4 = 0. Let q(s) = 7*s**2 - 16*s + 20. List the prime factors of q(g).
2, 73
Suppose -5*n + 47731 = 4*q, -3*q + 35802 = -10182*n + 10187*n. List the prime factors of q.
79, 151
Suppose 64*y = 24*y + 443480. List the prime factors of y.
11087
Let f = 145 - 123. Let o(m) = -10 - 8*m**2 + 13*m**2 - m**3 + m + 17*m**2. What are the prime factors of o(f)?
2, 3
Let t be (868/112)/(2/8). Let r = t - 8. What are the prime factors of r?
23
Suppose 0 = 2*u - 3*b - 104, -2*u + 166 = 4*b + 34. Let j = -61 + u. List the prime factors of -6*(-1 - (7 - j)) + -3.
3, 7
List the prime factors of 39 + -12 + 15/15.
2, 7
Suppose -11*x = 8033 + 3924. What are the prime factors of -3 - 3*(-5 + x/3)?
7, 157
Let u(l) = -l**2 - 2*l - 3*l**2 + 7*l**2 + 1 + 5*l. Suppose -27*o = -32*o - 15. What are the prime factors of u(o)?
19
Let t(x) = x - 587. Let d be t(0). Let y = -236 - d. List the prime factors of y.
3, 13
What are the prime factors of 858/13299 + 919365/31?
47, 631
Suppose 13*o + 0*o = 8320. Suppose -2 = 2*a + 4*u, -2*a - u = -3*u - 28. Suppose -a*r - o = -14*r. List the prime factors of r.
2
Let i(q) = -149*q**2 - 3*q + 7. Let m(d) = -d**2 - d - 2. Let s(l) = -i(l) - 4*m(l). What are the prime factors of s(-2)?
599
Let u(s) = 2*s + 437. Let a be u(0). Suppose -2*r + 5*r - 642 = 3*y, -5*y = -2*r + a. What are the prime factors of r?
211
Let m be (42/(-18))/((-1)/(-3)). List the prime factors of -5 + 1 + m + (1 - -765).
5, 151
Let f(q) be the second derivative of 11*q**3/6 + 11*q**2 + 11*q. Let x be f(22). Suppose 0 = -19*j + 8*j + x. What are the prime factors of j?
2, 3
Let u(f) = f + 32. Let l be u(-16). Let y(m) = 2*m**2 - 51*m - 33. Let s(t) = -t**2 + 25*t + 16. Let b(o) = 13*s(o) + 6*y(o). List the prime factors of b(l).
2, 29
Suppose 159184 = -19*p + 429630. What are the prime factors of p?
2, 11, 647
Let h(q) = -22*q**3 - 7*q**2 + q + 6. Let t(l) = 44*l**3 + 13*l**2 - l - 11. Let j(n) = -5*h(n) - 3*t(n). List the prime factors of j(-2).
167
List the prime factors of (-9 - (-385)/42) + 225976/48.
2, 11, 107
Let m(u) = -5*u**2 + 11*u + 108. Let l(a) = a**2 + 3*a. Let v(y) = -3*l(y) - m(y). What are the prime factors of v(26)?
2, 181
Suppose 25*i - 1245 = 22*i. Let a = i + -334. List the prime factors of a.
3
What are the prime factors of (-20)/(2214912/221496 + -10)?
2, 5, 11, 839
Suppose -8*u + 70626 = 2*c, -62*c - 2*u = -64*c + 70706. List the prime factors of c.
5, 7069
Suppose -t + 1671 = 1676, -80726 = -2*s - 2*t. List the prime factors of s.
2, 3, 29
Let r(a) be the third derivative of -a**5/60 - 7*a**4/8 - 29*a**3/6 - 14*a**2. Let o be r(-19). Suppose y + o - 11 = 0. What are the prime factors of y?
2
Suppose 32 = p + p. Suppose 3*z + 2*u - 45 = 0, 0 = 4*z - 5*u + p - 76. List the prime factors of (2 - -8)*(96/z - -2).
2, 3, 7
Suppose -2*g = 7 - 21. Suppose t = g + 8. Suppose -70 = -5*z - t. What are the prime factors of z?
11
Suppose -5 = -5*p - 35, -9*q + 2*p + 158682 = 0. List the prime factors of q.
2, 5, 41, 43
Let f(d) = -d**3 + 35*d**2 - 27*d - 9. What are the prime factors of f(20)?
3, 23, 79
Let a = 71800 - -21386. List the prime factors of a.
2, 3, 31, 167
Let o = 31 - 25. Let c be (-4)/o - -285*10/9. Suppose -4*m + c = 16. What are the prime factors of m?
3, 5
Let u(o) = 7*o**3 - 66*o**2 - 301*o + 59. Let f(a) = -10*a**3 + 100*a**2 + 451*a - 89. Let y(s) = 5*f(s) + 7*u(s). List the prime factors of y(41).
3, 331
Let k be ((-6)/(-9))/(((-40)/1524)/(-5)). Let u = -139 + 63. Let w = u + k. List the prime factors of w.
3, 17
Let c = -30120 - -49775. List the prime factors of c.
5, 3931
Let b be 2/11 - ((-1372)/(-44) - 0). Let i = b - 19. Let u = 134 + i. List the prime factors of u.
2, 3, 7
Let r(k) = -87*k**3 - k**2 - 8*k - 4. Let f be r(-2). Suppose 15*x - f = 13*x. List the prime factors of x.
2, 11
Suppose 2*o = r + 16983, 18*o - 4*r = 13*o + 42465. List the prime factors of o.
13, 653
Suppose -25*j - 42*j - 7*j + 315314 = 0. What are the prime factors of j?
4261
Suppose -108*d = 150*d + 641439 - 1568949. What are the prime factors of d?
5, 719
Let g = -270 + 238. Let y = 48 + g. List the prime factors of y.
2
Suppose -39*g = -47*g. Suppose g = 4*w - 4, 42*n - 39*n - 3816 = 3*w. List the prime factors of n.
19, 67
Let o(s) be the third derivative of 43*s**5/10 + s**4/3 - s**3/6 - 2*s**2 + 79*s. What are the prime factors of o(-1)?
3, 83
Let l = 22547 - 14215. What are the prime factors of l?
2, 2083
Suppose -2*s - 2*c + 22 + 8 = 0, -9 = -s + c. Suppose s*o - 9*o - 12 = 0. Suppose o*k - 435 = k. List the prime factors of k.
5, 29
Suppose g - 11555 = 9297. What are the prime factors of g?
2, 13, 401
Suppose 5*x - h + 430 = 0, x - 5*h + h = -67. Let s be (x/9)/(1/(-30)). Suppose 2*u + 3*t - 273 = 0, -5*t + 257 = 4*u - s. List the prime factors of u.
2, 3, 23
Suppose 0 = -5*k + 25820 + 36085. List the prime factors of k.
3, 4127
Suppose 2*o = -2, 11*n = 12*n + 2*o - 5958. What are the prime factors of n?
2, 5, 149
Let a(n) = 39*n + 1. Suppose -2*f = -0*f - 2. Let z be a(f). Suppose -5*u + 2*u = -w + z, -2*u + 90 = 4*w. List the prime factors of w.
5
Let z be 12/(-3 + (-225)/(-70)). Let t be 24/14*z/16. Suppose -t*a - 2*a = -1320. What are the prime factors of a?
3, 5, 11
Suppose -3*w = -1 - 47. What are the prime factors of (-445)/(-20) + 12/w?
23
Let a(y) = 2*y**2 + 4*y - 7. Let c be a(4). Let f = c - 37. Suppose 18 = f*m - 82. What are the prime factors of m?
5
Let n(s) = 145*s + 19. Let b(z) = 49*z + 6. Let d(o) = 8*b(o) - 3*n(o). Let i(a) = a - 8. Let m be i(6). List the prime factors of d(m).
7, 11
Let x be (-6 + 2)/(8/(-116)). What are the prime factors of x/(-2*2/(-4))?
2, 29
Let j be 3686/10 - (-5)/((-100)/(-8)). Let v = 174 + j. List the prime factors of v.
3, 181
Suppose -4*z + 17 + 15 = 0. Suppose l - 5 = -4*m + z, 2*m = l + 5. Suppose 3*x = w + 173, 0 = -6*x + 3*x + m*w + 171. What are the prime factors of x?
2, 29
Let x(g) = 6*g**3 - g**2 - g. Let f be x(-1). Let d be (54/15)/f*270/(-2). Suppose c + d = 2*c. What are the prime factors of c?
3
Let g = -15669 - -57401. What are the prime factors of g?
2, 10433
Let u be (-447)/(-21) + 10/(-35) - 1. Suppose 0 = p + 4*f - 4 + u, -4*f = 5*p. Suppose -p*y = 5*x + 3, -x + 9 = y - 3*x. What are the prime factors of y?
3
Suppose -10*g + 16732 = -18028. What are the prime factors of g?
2, 11, 79
What are the prime factors of 99259514/8083 - (-2)/(-59)?
2, 5, 307
Let x = -97 - -4599. List the prime factors of x.
2, 2251
Suppose 94*b - 91*b - 9 = 0. Suppose 5*o - 7*o = b*n - 698, -n = -3*o + 1069. List the prime factors of o.
5, 71
List the prime factors of (1496/(-176))/(2/(-4628)).
13, 17, 89
Suppose -735232 = -3*m - 61*m. List the prime factors of m.
2, 359
What are the prime factors of (-2 + (-4)/(-1))*29164/8?
23, 317
Let h be ((-6)/(-27))/1 + 1254088/198. Suppose 350 + h = 12*o. List the prime factors of o.
557
Let z = 9 + -1. Suppose -z*a = -1148 - 1500. What are the prime factors of a?
331
Let p be (6 + -6)/(1 - (0 - 1)). Let k(n) = 2*n. Let x be k(3). Suppose j - 3*t - 5 = p, j - 2*t - 3 = x. List the prime factors of j.
17
Suppose -200999 = -82*i + 13759. List the prime factors of i.
3, 97
Let j(p) = p**3 + 2*p**2 - 3*p + 3. Let o be j(-3). Suppose -5*c + 12 = -o*c. What are the prime factors of ((-2)/c)/